In base 11, what is -3753a0 + -58?
-375448
In base 9, what is 5 + 40284421?
40284426
In base 13, what is -5c6a0 + 48?
-5c655
In base 16, what is 2fee54c + 1?
2fee54d
In base 2, what is 1110 + 1010110010010111?
1010110010100101
In base 9, what is -867027 + -6?
-867034
In base 14, what is -33c7 - 59?
-3442
In base 16, what is 601 + -a98b?
-a38a
In base 2, what is 101010110011111000 + -100001?
101010110011010111
In base 4, what is -1203232211113 + -2?
-1203232211121
In base 11, what is -74598 + 380?
-74218
In base 9, what is 11870504 - 43?
11870451
In base 8, what is 404136 + 2100?
406236
In base 11, what is 149 + -105797?
-105649
In base 14, what is -4 - -1133107?
1133103
In base 16, what is -13b + 7137f?
71244
In base 16, what is -5 - -4253720?
425371b
In base 4, what is 1002332313303 - 101?
1002332313202
In base 10, what is -87 + -246883?
-246970
In base 4, what is -2 + -312022210202?
-312022210210
In base 13, what is 927 - -1106c6?
111320
In base 11, what is 153aaa00 + 8?
153aaa08
In base 5, what is -22 - -24134303?
24134231
In base 16, what is 51 - -c3585?
c35d6
In base 6, what is -15434 + 2112153?
2052315
In base 3, what is -10020 - 100121002002?
-100121012022
In base 16, what is 1d20 + -cc2f?
-af0f
In base 2, what is -1001001100 - 100000101001111110?
-100000110011001010
In base 3, what is 12102222010 - 102?
12102221201
In base 7, what is -4 + -244343352?
-244343356
In base 11, what is 13a - 1543255?
-1543116
In base 16, what is 148 + 41e1?
4329
In base 4, what is -22 - -10222332211?
10222332123
In base 8, what is 5714 - -277744?
305660
In base 9, what is -1 + -4668173?
-4668174
In base 7, what is 1 + 66523543?
66523544
In base 8, what is -27 - 220757?
-221006
In base 5, what is 23123 + -431031?
-402403
In base 5, what is 12 - -12321021?
12321033
In base 15, what is 67b - -b30?
12ab
In base 10, what is 1073896 + -79?
1073817
In base 14, what is -1b + -dc0282?
-dc029d
In base 8, what is -236440100 + -3?
-236440103
In base 8, what is 132634 - 223?
132411
In base 12, what is 3611 - 5052b?
-48b1a
In base 13, what is 9 - -6278a?
62796
In base 14, what is -d7 + -59b06?
-59bdd
In base 2, what is 101001001101010010000 + 0?
101001001101010010000
In base 15, what is 4 - 2d37cca?
-2d37cc6
In base 14, what is -26d - -360d?
3380
In base 10, what is -53583 + -1150?
-54733
In base 8, what is -5 - -20055547?
20055542
In base 15, what is -19e + e3a4?
e205
In base 12, what is -9 + 42328a?
423281
In base 6, what is 355130 - 41152?
313534
In base 3, what is -201010 - 11221120112?
-11222021122
In base 6, what is 1531 - 135250?
-133315
In base 16, what is -1aa6f43 + 6?
-1aa6f3d
In base 7, what is -4334 - -543322?
535655
In base 4, what is 33322 + 1120021?
1220003
In base 8, what is 722544771 - -5?
722544776
In base 8, what is -74 - 1111537?
-1111633
In base 3, what is -2122020111100 + 200?
-2122020110200
In base 13, what is -3 + b06809?
b06806
In base 2, what is -1000000110000111010010 + -111000?
-1000000110001000001010
In base 6, what is 1424131333 + 3?
1424131340
In base 13, what is 12 + -1ab9584?
-1ab9572
In base 10, what is 5 - -229610432?
229610437
In base 11, what is 371988 + -53?
371935
In base 4, what is 210311 - 30230013?
-30013102
In base 5, what is 33102 - 4121002?
-4032400
In base 12, what is 1 - -3905134?
3905135
In base 11, what is -3743 - -68?
-3686
In base 13, what is 3 - -108b178?
108b17b
In base 7, what is 11646 - 100640?
-55661
In base 16, what is -953 + 1588?
c35
In base 15, what is -6e - 6745e?
-674cd
In base 11, what is -2a30a5 - 8?
-2a3102
In base 4, what is 13330321000031 + 11?
13330321000102
In base 5, what is 2 - 10332201100?
-10332201043
In base 5, what is 232324440 + 0?
232324440
In base 3, what is 1222201 + 111220201?
120220102
In base 7, what is -565450 + 61?
-565356
In base 5, what is 30240 - 111001?
-30211
In base 7, what is 2223 + -43125?
-40602
In base 7, what is 0 + -5306041465?
-5306041465
In base 11, what is 23 - -4a62a68?
4a62a90
In base 4, what is 23211333003 + 210?
23211333213
In base 8, what is -13520 - -46500?
32760
In base 8, what is 4233560 - -17?
4233577
In base 14, what is -56 - -db5326?
db52b0
In base 14, what is -65d - 3392?
-3a11
In base 7, what is -151425 - -2262?
-146133
In base 9, what is 645 + 3581?
4336
In base 2, what is 110011000110100000 - -1010001110?
110011010000101110
In base 6, what is 332 - -414?
1150
In base 2, what is 111011100 - -1110101000111100?
1110110000011000
In base 8, what is 3 + -7145230?
-7145225
In base 10, what is -10099837 - 19?
-10099856
In base 6, what is 11324123 + 5?
11324132
In base 2, what is 10000010 - 11010111110100100?
-11010111100100010
In base 12, what is 56 - -3137b9?
313853
In base 14, what is -3 + -116dda6?
-116dda9
In base 12, what is -28763023 - -2?
-28763021
In base 5, what is -23000410 + -112313?
-23113223
In base 16, what is -13 - -136b901?
136b8ee
In base 13, what is -4 - -17ca84a?
17ca846
In base 2, what is 110001010011011011100010 + -100?
110001010011011011011110
In base 7, what is 41 - -4302236?
4302310
In base 16, what is a204 + 417?
a61b
In base 9, what is -243 + -338538?
-338782
In base 5, what is -244430 - -11040014?
10240034
In base 3, what is 1010200112 + 1021101?
1011221220
In base 6, what is 1 + 13532432421?
13532432422
In base 14, what is -9 + -141c7a6?
-141c7b1
In base 15, what is 6b7a - b45?
6035
In base 12, what is -397a - 54b?
-4309
In base 13, what is -11b2a9 - 3?
-11b2ac
In base 15, what is 188 - 1c0bd9?
-1c0a51
In base 11, what is 15 + 6575?
658a
In base 5, what is 1103434 - 3212?
1100222
In base 2, what is -11 + 111100100110111110101000?
111100100110111110100101
In base 9, what is -3130 + 7270?
4140
In base 16, what is cb33c + 13?
cb34f
In base 6, what is -2454550 + -25?
-2455015
In base 14, what is -b + 2d61dd1?
2d61dc4
In base 14, what is 75 - 904?
-86d
In base 9, what is -70478223 + -1?
-70478224
In base 7, what is -41660203 + 1?
-41660202
In base 13, what is 1688 + -7383?
-59c8
In base 2, what is -1100001100110100010 + -110101111?
-1100001101101010001
In base 10, what is -52294 - -114?
-52180
In base 14, what is 5 + 7a0?
7a5
In base 7, what is -6431 + 11105?
1344
In base 12, what is -4 + -b61a028?
-b61a030
In base 4, what is -30212 + -233202?
-330020
In base 7, what is -253554 + -2044?
-255631
In base 10, what is -28589717 + -7?
-28589724
In base 9, what is 64063 - -7345?
72418
In base 16, what is 0 - 78f552?
-78f552
In base 9, what is 18 - 11641076?
-11641057
In base 16, what is 42a0b - 11d?
428ee
In base 4, what is -1222 + -2303131013?
-2303132301
In base 13, what is 1b2066 - 16b?
1b1bc8
In base 3, what is 11200220211 + -10102?
11200210102
In base 5, what is -22330402 + -42?
-22330444
In base 4, what is 13003322 - 122011?
12221311
In base 7, what is -205 - -121031?
120523
In base 14, what is 9348 - 46b9?
4a6d
In base 12, what is 51 - 22a05?
-22974
In base 11, what is a8942 - -191?
a9023
In base 16, what is -11 - -ca91d?
ca90c
In base 6, what is -25344 - -231400?
202012
In base 10, what is -406652 - -151?
-406501
In base 4, what is 230113112022032 + 3?
230113112022101
In base 10, what is 7 + 266335?
266342
In base 16, what is -f758 + -1087?
-107df
In base 3, what is -2202012102 - -211121?
-2201100211
In base 9, what is 46 + -1043200?
-1043143
In base 15, what is -45c9 - d8?
-46b2
In base 11, what is -70178a5 - 3?
-70178a8
In base 7, what is -2265046534 + 4?
-2265046530
In base 14, what is -1 - -105c8a1?
105c8a0
In base 7, what is -6466001212 + 4?
-6466001205
In base 4, what is 2230100103033 + -3?
2230100103030
In base 6, what is 25123 + 42554?
112121
In base 6, what is -2433114 - -4110?
-2425004
In base 3, what is 1 - -221100210221201?
221100210221202
In base 9, what is -324488 - 0?
-324488
In base 16, what is -2a677 + 22a?
-2a44d
In base 12, what is -7 - 529690?
-529697
In base 8, what is 1 - 1376552111?
-1376552110
In base 10, what is 29472866 - 3?
29472863
In base 12, what is 3 + -1b09b0?
-1b09a9
In base 15, what is 193ab7c4 - 5?
193ab7be
In base 9, what is -51720 + -772?
-52602
In base 14, what is c2928 - 15?
c2913
In base 13, what is -92b04341 + 0?
-92b04341
In base 11, what is -4 - -4613a7?
4613a3
In base 12, what is 372 - -32079?
3242b
In base 16, what is 4 - -8dc31?
8dc35
In base 9, what is -50760 - -533?
-50226
In base 10, what 